 2*u**2 - 4*u + 3. Let h(d) = 5*o(d) + 2*x(d). Give h(s).
-2
Suppose 5*l - 15 = -4*a, 0 = 9*l - 10*l + 4*a - 21. Let d(c) be the first derivative of 7*c**3/3 - c**2 - c + 1. Determine d(l).
8
Let t(f) = f**3 - 5*f**2 - 4*f - 5. Suppose -2*c - 18 = -3*c - 3*x, -132 = -4*c + 3*x. Let p = -24 + c. Determine t(p).
7
Let q(w) = w**3 + 5*w**2 + 4*w + 4. Let t = -98 - -93. Calculate q(t).
-16
Let y(l) = 9*l + 38*l**2 + 5 - 78*l**2 + 39*l**2. Give y(6).
23
Let t be (1 - 1)/((-1)/(-1)). Suppose -6*h + 11*h - 20 = 0. Let y(w) = 4 - 3 + w + h. Give y(t).
5
Let c(u) = -9 + 4*u**2 + 11*u**2 + u**3 - 42*u**2 + 9*u + 18*u**2. What is c(8)?
-1
Let t(g) = 3*g - 8*g**3 + 7*g**3 - 2*g**2 - 8*g + 7*g**2. Give t(4).
-4
Let q(t) = -2*t - 8. Suppose 21 = y - 4*y. Determine q(y).
6
Let z be (-4)/(-14) + 173/7. Suppose 0*q = 5*q + z. Let i(u) be the third derivative of u**4/12 + u**3/2 - 25*u**2. Determine i(q).
-7
Suppose f = -f + 8. Let h(m) be the second derivative of m**4/12 - 2*m**3/3 + 2*m**2 - m. What is h(f)?
4
Suppose -5*a - 32 + 12 = 0. Let l(v) = v**3 + 5*v**2 + 6*v + 1. Give l(a).
-7
Let d(t) = -t**2 + 2*t + 1. Let g(h) = -h**3 + 4*h**2 + 7*h - 7. Let o be g(5). Calculate d(o).
-2
Let r(o) = 5*o + 2. Let b(n) = 6*n + 4. Let u(a) = 5*a + 4. Let q(f) = -6*b(f) + 5*u(f). Let g(m) = -6*q(m) - 13*r(m). Give g(-2).
-4
Let n(b) be the second derivative of 6*b - 1/3*b**3 - 1/6*b**4 + 0 + b**2. Give n(-2).
-2
Suppose 3*k = 10 - 1. Let h(v) = -3*v**2 + 3*v + 3. What is h(k)?
-15
Let k = 89 + -87. Suppose 3*z + 3 = 6. Let f(c) = 4*c + c**2 + 5*c**k + z + c**3 - 2*c**2. Give f(-3).
-2
Suppose -6*c - 126 = -20*c. Let n(b) = -b**2 + 7*b + 12. Give n(c).
-6
Let n(d) be the second derivative of -d**7/2520 - d**6/180 + d**5/30 + d**4/4 + 3*d. Let p(o) be the third derivative of n(o). Give p(-5).
-1
Suppose -4*a + x + 1 = -2*a, 5*a + x = 20. Let g(j) = -7*j + 29. Let q(z) = -4*z + 16. Let h(y) = 3*g(y) - 5*q(y). Calculate h(a).
4
Let f(g) = -3*g**2 + 6*g. Let o(w) = -4*w**2 + 7*w. Let c(p) = 6*f(p) - 5*o(p). Suppose 46*j = 44*j + 2. What is c(j)?
3
Let o(l) = -l - 1. Let v(d) = -5*d - 8. Let i(m) = -6*o(m) + v(m). Give i(7).
5
Let h(l) = 3*l. Let i(d) = d. Let j(c) = c**2 + 3*c - 2. Let s be j(-4). Let r(b) = s*h(b) - 5*i(b). Calculate r(4).
4
Let b(f) = -3*f - 2*f**2 + 3*f**2 + f + 0*f. Give b(1).
-1
Let w be (3*-1)/(0 + -3). Let t(l) = -w + 1 - 4*l. Calculate t(1).
-4
Let i(d) be the first derivative of d**2/2 - 15*d - 26. Determine i(0).
-15
Suppose 3*p + 5*a = 4, -4*p + 8 = -3*a + 7*a. Let b(v) be the third derivative of -p*v**2 + 0*v + 0 - 1/2*v**3 + 5/24*v**4 - 1/60*v**5. Calculate b(2).
3
Suppose -2*k - k = 3. Let u(f) = -f**3 + 3*f**2 - 2*f + 2. Let a be u(2). Let x(w) = w**a + w**2 + w**3 + 0*w + w. Calculate x(k).
0
Let f(z) = z**2 + 5*z - 5. Let q = -61 + 55. Determine f(q).
1
Let o(m) = m + 4. Suppose -16*g + 41 + 23 = 0. What is o(g)?
8
Let u(k) = -6*k**2 - 4*k + 7. Let i(p) = 5*p**2 + 4*p - 6. Let a(l) = 7*i(l) + 6*u(l). Determine a(3).
3
Suppose 5*t + 0*t = 0. Suppose t = 4*d - 2*d. Let r(h) = -h**2 + h - 5. Determine r(d).
-5
Let k(l) be the second derivative of -l**6/720 + l**5/120 - l**4/6 - l. Let w(p) be the third derivative of k(p). Determine w(-5).
6
Let h(y) = y**3 + 4*y**2 - 5*y + 6. Suppose w = -1 + 4. Suppose -4*v - w - 17 = 0. Calculate h(v).
6
Let c(o) = 2*o**2 - 14*o + 6. Let f be c(6). Let g(y) = -y - 1. What is g(f)?
5
Let y(z) be the third derivative of z**6/120 - z**5/12 - z**3/2 + 6*z**2. Determine y(5).
-3
Let l(d) = -2*d**2 + d - 2. Suppose 16 = -2*j - 6*j. What is l(j)?
-12
Suppose 0 = 2*j + b - 2*b - 7, 3*j - 5*b - 14 = 0. Suppose 0 = 4*n - 0*n - j*r + 6, 0 = 3*r + 6. Let v(i) = i**2 + 5*i + 4. Give v(n).
-2
Let k(t) be the third derivative of t**4/24 - 2*t**3/3 + 2*t**2 - t. What is k(7)?
3
Let p(f) = -f**3 + 2*f**2 + 2*f. Let i be ((-20)/15)/((-4)/12). Calculate p(i).
-24
Suppose 0 = -2*n - n. Let j(y) = y - 5. Determine j(n).
-5
Let s(i) = i**2 + 5*i + 3. Suppose -5*g + 10 = -0, l = -5*g + 7. What is s(l)?
-3
Let g(c) be the second derivative of c**5/20 + c**4/6 + c**3/6 - c**2 + 7*c. Give g(2).
16
Let a(c) be the second derivative of c**4/12 + c**3/2 - c**2/2 + 2*c. What is a(-3)?
-1
Suppose 0*r + 5*r = 5*f + 10, 5*r = 15. Let n(b) = -3*b**2 + b. Determine n(f).
-2
Let z be ((-8)/1)/((-18)/9). Let n(b) = b**3 - 3*b**2 + 2*b - 6. Calculate n(z).
18
Let y(f) = -f**2 + 9*f - 6. Suppose 0 = -5*n + 3*g + 44, -3*n + 4*g - 9 = -6*n. Determine y(n).
8
Let b(c) = -2*c - 20. Let n be b(-6). Let y(g) = -g - 4. What is y(n)?
4
Let a(c) = -3*c**2 - c**3 + 3*c**2 + 0 - 3*c - 5*c**2 - 4. What is a(-4)?
-8
Let d = 11 - 7. Let a(n) be the third derivative of n**4/8 - n**3/3 + 2*n**2. Let h(q) = -4*q + 2. Let u(o) = d*h(o) + 5*a(o). What is u(0)?
-2
Suppose 2*d = 4*d + 56. Let v be (d/(-35))/((-2)/(-5)). Let r(u) be the third derivative of u**5/60 - u**4/24 - u**3/6 - u**2. Give r(v).
1
Suppose 0 = -10*c + 12*c. Let b(f) be the third derivative of -1/2*f**3 - 1/60*f**5 + 0*f + 0 - f**2 + c*f**4. Determine b(0).
-3
Let k = -3 + 5. Let d be -1 + 4 + k + 0. Let v(u) = u**3 - 4*u**2 - 5*u + 6. Calculate v(d).
6
Suppose -4 = 4*z - 12. Let q(n) = -z*n - 3*n + 6*n - 6. Let k(g) = -g**3 - 2*g**2 - 4. Let y be k(-3). What is q(y)?
-1
Let i(p) = 3*p**2 + 10*p - 2. Let j = -11 - -8. Let n(h) = 2*h**2 + 9*h - 1. Let k(z) = j*i(z) + 4*n(z). Calculate k(7).
-5
Let d(j) be the second derivative of j**4/24 + j**3/2 - 7*j**2/2 - 9*j. Let m(s) be the first derivative of d(s). Let i be (0/2)/(1*-2). Calculate m(i).
3
Let i(o) = o**2 + 4*o. Let f(b) = 3*b**2 + 12*b - 1. Let m(n) = 4*f(n) - 11*i(n). Calculate m(-6).
8
Let k(w) = -3*w**2 - 1. Let x(n) = n**2 - 1. Let i(q) = k(q) + 2*x(q). What is i(0)?
-3
Let d(n) = -n**2 + 6*n - 2. Let r be d(5). Suppose -11 = r*v + 1. Let q(y) be the first derivative of -y**4/4 - 5*y**3/3 - 3*y**2/2 + 5*y + 15. Calculate q(v).
1
Let x(f) = -7*f**3 - 2*f**2 + 10*f + 1. Let a(j) = 13*j**3 + 3*j**2 - 19*j - 2. Let w(i) = -6*a(i) - 11*x(i). Let q = 57 - 52. What is w(q)?
-4
Suppose -n = n. Let o(p) = 6*p - 3*p + 1 - 4*p. Let c(h) = -4*h - 3. Let x(y) = c(y) - 3*o(y). What is x(n)?
-6
Let h = -129 - -133. Let n(a) = a - 2. Calculate n(h).
2
Let d = -3 - -6. Let f(p) = -d + 3*p - p + 2 - p. Suppose -5*i - 2 = 3. Calculate f(i).
-2
Let h(o) = -o + 2. Let l be ((-16)/(-12))/((-2)/(-3)). Suppose -l*b + 6 + 1 = 5*g, -2*g - 2*b = 2. Calculate h(g).
-1
Let l(s) = -2*s + 1. Let q(o) = -o**2 + 5*o + 5. Let f be q(6). Determine l(f).
3
Let n(z) = -z - 4. Let p be n(-7). Let g(m) = 8 + p*m - 9 + m - m. Give g(-3).
-10
Let t(f) = 4*f - 6*f + 3*f + 0*f. What is t(-4)?
-4
Let i(q) = 25*q**2 - 9*q - 1. Let u(z) = 9*z**2 - 3*z. Let d(v) = -4*i(v) + 11*u(v). What is d(4)?
0
Let h(x) = 5*x - 4. Let s(a) = -4*a + 3. Let k(o) = 5*h(o) + 6*s(o). Suppose -4*i - 2*p + p = -16, -2*p = 2*i - 8. Calculate k(i).
2
Let o = -1 + 0. Let y(z) = 20*z - 3. Let n(i) = -30*i + 4. Let s(h) = -5*n(h) - 7*y(h). Give s(o).
-9
Let n(b) = -3*b**2 + 3*b + 6. Let v(q) = -5*q**2 + 7*q + 12. Let s(k) = -7*n(k) + 4*v(k). Determine s(-5).
-4
Let u(b) = -b**2 - 7*b + 2. Let f be u(-7). Let n(y) = 2*y - 8 + 7 + f. Let w = 6 - 8. Determine n(w).
-3
Let v(c) = -2*c + 2. Let w = -12 - -8. Calculate v(w).
10
Let i(q) = -q**3 - q + 5. Let b(v) = -5*v**3 + v**2 - 3*v + 21. Let t = 3 + -5. Let d(c) = t*b(c) + 9*i(c). What is d(3)?
3
Let h(n) be the third derivative of n**5/60 - n**4/24 + n**3/6 + 3*n**2. Suppose 5*j - 3 = 7. Determine h(j).
3
Suppose -10 = -l - l. Suppose 2*a - l*k + 22 = -a, -5*a = k + 18. Let b(c) = c**2 + 2*c - 4. What is b(a)?
4
Let h(j) = -j**3 + 5*j**2 - 3*j - 2. Let d(g) = -g + 11. Let m = 30 - 16. Let f = -6 + m. Let n be d(f). Give h(n).
7
Let o(s) = 10*s + 53 - 60 - 2*s**2 + s**2. Determine o(6).
17
Suppose -3*t - 3*c = -39, 19 = 3*t - 0*t - 2*c. Let b = -4 + t. Let j(s) = 0*s + b + 0 + 2*s. What is j(-5)?
-5
Let o(a) = a - 2. Let y(b) = -b**2 - 9*b - 4. Let v be y(-8). Let i be o(v). Suppose 2 = i*l + 10. Let z(u) = -u**3 - 5*u**2 - 4*u + 1. Determine z(l).
1
Let r = 22 + -13. Suppose 5*i + 24 = -3*u, -r + 35 = -5*i - 2*u. Let t(f) = f**3 + 6*f**2 - 3. Give t(i).
-3
Let m(f) = 2*f**2 + f + 1. Let p be m(-1). Suppose -y = p*y - 3. Let w(g) be the third derivative o